of 16 - 1 - (408 + -380)?
-13
What is the value of 15 - (-33 - -59) - (0 - 10)?
-1
What is the value of -3 - (-6 + (5 - -2) - -12)?
-16
Evaluate 1 + (26 - (41 - -6)).
-20
Calculate 42 - 62 - (3 - 27).
4
What is (2 - (-10 + 5 + -2 + 13)) + 15?
11
What is the value of (24 - -4) + 5 + -10 + 9 + -16?
16
Evaluate 23 + (-18 + 16 - 2).
19
Evaluate (7 - -26) + -8 - 17.
8
What is the value of 10 + -17 + (5 - 1)?
-3
Evaluate -19 + (1 - (8 - 31)).
5
Calculate -25 + (0 - 12 - -24).
-13
What is the value of 0 - (8 + 18 + (15 - (24 - 12)))?
-29
(-4 - 0) + 5 + -15 + 4
-10
Calculate (-1 - 0) + (16 - 9 - 3 - 4).
-1
Calculate (4 - (1 - -9 - 11)) + -1 + -19.
-15
What is -1 + 4 - (19 - 21) - (-2 - -2)?
5
Evaluate -2 + -6 + (23 - (-3 + (53 - 17))).
-18
What is the value of (-13 - -16) + (3 + -2 - -1)?
5
1 + 0 - 0 - (15 - -15 - 16)
-13
What is the value of 17 - (-10 + 50 - 21)?
-2
Calculate 1 - (-3 - (6 + -12 - (1 + 1))).
-4
Evaluate -4 - ((-1 - (2 - 9)) + -2).
-8
What is 10 + -17 + (13 - -2) + -5 - -4?
7
What is -5 - (1 + -5 + (-11 - -15))?
-5
What is 0 + 11 + -178 + 150?
-17
8 + (5 - (-8 + (6 - 0)))
15
What is 35 + 2 + (-44 - -25)?
18
Evaluate 12 - (7 - (2 - 10 - (-3 - -6))).
-6
Evaluate (-26 + 23 - -10) + -30.
-23
What is -3 - -5 - (-37 + 50)?
-11
What is (-1 - (-2 + 2)) + -5 - (-20 + 22)?
-8
Evaluate 15 - 7 - (25 - 6 - (3 - 2)).
-10
(-3 - (54 - 57)) + -11 + 0
-11
Evaluate 2 - (0 + 17 - 6).
-9
(3 - (-4 - -5 - 3)) + 2 - 23
-16
What is (-18 - -1 - -1) + (6 - (14 - 13))?
-11
What is the value of -1 - ((-9 - -6) + -21)?
23
Calculate -1 + 4 + (-150 - -133).
-14
-18 - (61 - 33 - 56)
10
What is 27 - (70 - 13) - -19?
-11
Calculate -4 + 9 + (-1 - 3 - 3) + -1.
-3
What is 1 - (-5 + 5 - 5) - -2?
8
Calculate -6 + 6 - (2 - (-3 + 0)).
-5
Evaluate -27 + 41 + (-6 - -21 - 1).
28
What is -1 + -14 - ((-9 - -15) + -15)?
-6
What is 4 - (-85 + 29 - -23)?
37
What is the value of (4 - -8) + -25 + 41 + -10?
18
Evaluate -15 - -10 - 11 - -24.
8
What is the value of -5 + (-2 - 24) + (-5 - -4) + 5?
-27
-1 + -27 + 12 + 21
5
What is -3 - (8 + -5 + 2)?
-8
13 + -3 + (-4 - 10) + 7
3
What is the value of 6 + 0 + 0 + -8 - (6 + 9)?
-17
Evaluate -1 - (2 + -7 + -6 + -3).
13
What is -1 + -14 - (-11 + 33 + -40)?
3
What is -6 - 0 - (11 - 27 - -15)?
-5
Evaluate -16 - (6 - (11 - (-7 - -6))).
-10
What is the value of 11 + (10 - 14) + 6 - -3?
16
Evaluate (-35 - 3) + (9 + 14 - 14) - -3.
-26
What is the value of -15 + 2 + 6 + (-7 - -24)?
10
(-1 + 6 - -9) + 2 + -7
9
Calculate -53 + 51 + (-4 - (6 + -11)).
-1
What is -3 + 1 + (-4 + -5 - -9) + -3?
-5
Calculate 40 - (-10 - -14) - 12.
24
What is the value of 25 + 3 - (-17 + 5 + 17)?
23
Evaluate (5 - 7) + 50 + -59.
-11
Evaluate (-8 - -25) + 6 + -3 + -3.
17
20 - (17 + (-19 - -45))
-23
What is -1 - (0 + -10) - 11 - -13?
11
Evaluate -30 + -13 + 20 - (-3 - (-6 - -1)).
-25
What is the value of 1 + 12 + (-19 - -26) - 2?
18
Evaluate 155 + -144 - (4 - 2 - 10).
19
What is (-1 - (-1 - -8)) + 10 - -28?
30
What is (5 - (-10 + 18 + -9)) + (-21 - -1)?
-14
Evaluate 7 - (19 - 27 - 1 - (1 - -2)).
19
What is the value of (58 - 39) + (2 - (18 - 4))?
7
What is the value of 18 + -25 + 10 + -18?
-15
(16 + -8 - 4) + 0 - 2
2
Calculate -9 + -13 + (-12 - -34).
0
Evaluate (-5 - -6) + (-1 - -9) - -1 - 27.
-17
Evaluate 12 - 2 - (-42 + 43 - 15).
24
-6 - (7 - -4 - 13) - 16
-20
What is 13 + 2 - (-6 - (-8 + 13))?
26
What is 1 + (3 - 3) + (-8 + -11 - -14)?
-4
What is 9 + -1 - (-22 - -18 - -22)?
-10
12 + (-7 + 7 - (-3 + 3))
12
2 + -13 + -61 + 92
20
What is (-658 - -668) + (-40 - -1)?
-29
(16 - -4 - (-14 + 29)) + -13
-8
Calculate 5 - (6 + (-2 - 4) - (1 + 0)).
6
Evaluate -9 + (5 - (4 + -14 - -11)) + -16.
-21
(-1 - -9) + (6 - 4) + -1
9
What is -15 + (2 - (-6 - -5) - (26 + -31))?
-7
What is (1 - 2) + 11 + -6 + 8 + -2?
10
Calculate 0 - -4 - 1 - (1944 + -1962).
21
What is -14 + 25 + -37 + 5?
-21
Calculate 2 + 2 + 0 + -13 + 24 + -19.
-4
What is the value of -28 + -1 + (-102 - -113) + -11?
-29
What is (-30 - -24) + 31 - (0 + 1)?
24
Evaluate -41 + 29 - (1 - 5).
-8
Calculate 6 + (-3 - 32) + 55.
26
Calculate (15 - (6 + 5)) + (2 - 3) + 3.
6
Evaluate 7 + 1 + (-4 - (0 - -5)).
-1
Calculate 10 + 1 + (-15 - (-10 - 10)) - 3.
13
What is the value of -5 - (4 - -4 - (26 + -3))?
10
Evaluate (26 - 16) + -27 + 11 + (-3 - -10).
1
What is -1 + -3 + -10 + (10 - (8 - 7))?
-5
(9 - (2 - 3)) + -166 + 157
1
Calculate (-4 + (-1 - 1) - -2) + (-484 - -493).
5
Evaluate 2 + -1 - (-380 + 359).
22
What is the value of (-3 - 3) + -45 + 68?
17
What is (78 - 84) + (-2 - (2 + -1)) + 1?
-8
-29 + 1 + 10 - (-6 - (7 + -3))
-8
Evaluate 7 + -25 + (-5 - -12) + 0.
-11
Calculate 21 - ((9 - -40) + -35).
7
What is the value of -8 + -25 + 14 + 11?
-8
Evaluate 5 - ((1 - -5) + -50 + 50 - -5).
-6
What is (-2 - (30 + 8)) + 17?
-23
1017 + -1011 - (2 - (0 + 0)) - 30
-26
Calculate -1192 + 1188 - (-41 + -1).
38
What is the value of 11 + 17 + -20 + -26?
-18
Evaluate -2 - (-27 - (-33 + 0)).
-8
Evaluate (-5 - 1) + 2 - (-23 - -11) - 2.
6
-23 + (19 - (25 - 3))
-26
Evaluate 287 + -271 + 0 + 8 + -1.
23
Calculate -8 - (-6 - -27 - 15) - -12.
-2
(10 - (-3 - -4)) + 3 - 23
-11
Evaluate -4 + 0 + (1 + -6 - (298 - 303)).
-4
What is the value of -6 + (6 - 8) + -8 + 8?
-8
What is 11 - ((-4 - -1) + -2 + -5 + 24)?
-3
What is the value of 22 + -29 + 18 + -27?
-16
Evaluate 875 + -887 + 30 + 0 + -2.
16
1 - (-10 - (-6 - 5 - (-17 + 7)))
10
What is the value of 15 + (13 - (7 + 30))?
-9
What is 31 + -15 + -36 - 6?
-26
What is the value of (5 - (5 - -1)) + -5 + -2 - 11?
-19
Calculate -9 - -8 - 4 - 14 - -7.
-12
What is the value of -22 - (-2 - 6 - (-8 - -8))?
-14
What is 179 + -147 - (2 - -14)?
16
Calculate 3 + -17 + 12 + 2.
0
Calculate 17 + 7 + (-8 - (3 + 0)).
13
Evaluate 32 + -2 + -25 + 10.
15
What is the value of -32 + 24 + (11 - 2)?
1
What is the value of -23 + -15 + -14 + 25?
-27
Evaluate -1 + -19 - (-2 - 4).
-14
What is (-5 - -7 - 8) + 7 - (-8 - 0)?
9
What is 1 - (1 + -9 + 7 + -6) - 29?
-21
-20 - -11 - (-9 - (-7 - 9))
-16
Calculate -17 - (5 - 1 - 5 - 5).
-11
What is -5 + (-4 - 2 - (11 + -19 - -15))?
-18
Evaluate -2 - (0 + 3) - (25 - 56 - -15).
11
Calculate (-1 - 9) + 20 + (4 - 15).
-1
-3 - (9 + -14 + 5)
-3
Evaluate (6 - 0) + -11 + (-7 - -13).
1
What is the value of (1 + -12 - -16 - -6) + -8?
3
What is the value of -14 + 17 - (22 - 25)?
6
What is the value of -19 - ((-4 - -5) + -3 + -6)?
-11
7 + -1 + 5 + (-19 - (-23 + 6))
9
Evaluate -12 + 25 + -17 + (-2 - 0) + 14.
8
-15 + (-6 - -3) + -21 + -14 + 29
-24
What is (-1 - 26) + 359 + -324?
8
Calculate (11 - -8) + -4 - 2.
13
What is 9 - ((-1 - (-1 + -2 - -7)) + 10)?
4
What is -25 - (3 + -7 + -3) - -6?
-12
4 + -1 + 4 - (-21 - (-1 - 14))
13
Evaluate -11 - (4 + (-4 + 7 - 5)).
-13
Evaluate -52 + -11 + 73 - (31 - 2).
-19
6 - (9 - 0 - ((15 - -23) + -19))
16
What is (4 - 2) + -16 + 19 + -11 - 3?
-9
What is -7 - 2 - (36 + (17 - 52))?
-10
Evaluate 2 - 5 - (15 + -12) - (1 - 0).
-7
Evaluate -27 + 31 + -13 + 22.
13
What is (170 - 172) + (0 - 2)?
-4
What is (9 + -4 - -2) + -13 + -4?
-10
Evaluate (0 + -19 - -10) + 2 + 25.
18
Calculate (1 - 8) + (465 - 488).
-30
-3 + -1 + -2 - (-1 - 8)
3
(3 - 0) + (0 + 45 - (-339 - -362))
25
24 + -7 + -3 - 6 - 15
-7
Calculate (-3 - -4) + (-1 + -6 - 0).
-6
What is the value of -45 + -2 - (-195 + 130)?
18
What is the value of 14 + 0 + (0 - (0 - 5)) + -9?
10
What is 5 + (8 - 20) + (-1 - (-9 + 3))?
-2
Calculate (8 - (-11 + 1)) + -11.
7
What is the value of -1 - -8 - (15 + (4 - 10))?
-2
Evaluate 33 + (-13 - (19 - -6)).
-5
Evaluate 13 - (8 + -11 - -12).
4
-25 - (13 + -46 + 17)
-9
What is (-4 - -1 - 0) + (-38 - (-19 - 37))?
15
(-4 - 8 - 1) + -1
-14
What is the value of -2206 - -2185 - (17 + -1 - 1)?
-36
What is (36 - -4) + 171 + -227?
-16
(3 - (19 + -9)) + 0 - -9
2
Evaluate -165 - -161 - ((0 - 2) + (10 - 8)).
-4
What is -2 + -7 + (-12 - (7 - 3)) + 12?
-13
What is (-1 - -7) + -8 + (5 - 2 - 9)?
-8
What is -1 - 7 - (-392 + 383)?
1
What is 8 + -11 + 15 + 0 - 5 - -11?
18
Evaluate -1 + -6 + (-19 - -36).
10
411 - 382 - (28 + 1)
0
Evaluate -23 - (8 - (10 + 24)).
3
What is 3 + (10 - (9 - 9))?
13
Evaluate -2 + 13 + (-3 - (7 - 10)).
11
Calculate 2 + (-9 - -9 - ((-4 - -5) + -8)).
9
What is (-35 + -14 - -25) + 39?
15
5 - (-4 + 10 + -3 + -10 + 17)
-5
Evaluate 3 + -7 + 4 + (7 - 20).
-13
Evaluate 7 + -13 - ((-14 - 3) + -1 + 0).
12
Evaluate -